4354?
3
What is the thousands digit of 1026?
1
What is the thousands digit of 1067?
1
What is the hundreds digit of 33812?
8
What is the tens digit of 3001?
0
What is the hundreds digit of 70833?
8
What is the hundreds digit of 3290?
2
What is the units digit of 7085?
5
What is the units digit of 8922?
2
What is the ten thousands digit of 84861?
8
What is the hundreds digit of 12992?
9
What is the thousands digit of 69115?
9
What is the thousands digit of 5946?
5
What is the units digit of 29809?
9
What is the units digit of 100079?
9
What is the units digit of 634?
4
What is the hundreds digit of 3320?
3
What is the thousands digit of 1508?
1
What is the hundreds digit of 158?
1
What is the hundreds digit of 58235?
2
What is the units digit of 2163?
3
What is the tens digit of 7922?
2
What is the thousands digit of 3326?
3
What is the hundreds digit of 9452?
4
What is the tens digit of 21684?
8
What is the units digit of 67024?
4
What is the ten thousands digit of 147232?
4
What is the tens digit of 6471?
7
What is the hundreds digit of 1107?
1
What is the thousands digit of 6574?
6
What is the units digit of 14547?
7
What is the units digit of 609?
9
What is the units digit of 12123?
3
What is the thousands digit of 12285?
2
What is the units digit of 42678?
8
What is the tens digit of 4856?
5
What is the thousands digit of 4586?
4
What is the ten thousands digit of 77457?
7
What is the hundreds digit of 13605?
6
What is the tens digit of 12039?
3
What is the hundreds digit of 2864?
8
What is the tens digit of 15013?
1
What is the thousands digit of 5803?
5
What is the units digit of 1732?
2
What is the tens digit of 1079?
7
What is the tens digit of 1254?
5
What is the hundreds digit of 7878?
8
What is the tens digit of 4066?
6
What is the hundreds digit of 2700?
7
What is the tens digit of 879?
7
What is the units digit of 1366?
6
What is the units digit of 2346?
6
What is the units digit of 4093?
3
What is the units digit of 803?
3
What is the hundreds digit of 798?
7
What is the thousands digit of 1276?
1
What is the units digit of 129963?
3
What is the hundreds digit of 561?
5
What is the hundreds digit of 1920?
9
What is the tens digit of 30107?
0
What is the units digit of 7948?
8
What is the thousands digit of 1239?
1
What is the hundreds digit of 102710?
7
What is the units digit of 1321?
1
What is the tens digit of 707?
0
What is the thousands digit of 3596?
3
What is the ten thousands digit of 69679?
6
What is the tens digit of 280?
8
What is the tens digit of 3973?
7
What is the thousands digit of 32722?
2
What is the units digit of 4552?
2
What is the tens digit of 268?
6
What is the thousands digit of 7161?
7
What is the tens digit of 769?
6
What is the units digit of 2823?
3
What is the units digit of 5226?
6
What is the hundreds digit of 9205?
2
What is the hundreds digit of 151?
1
What is the units digit of 13756?
6
What is the hundreds digit of 121?
1
What is the hundreds digit of 18891?
8
What is the units digit of 732?
2
What is the hundreds digit of 14707?
7
What is the hundreds digit of 4662?
6
What is the units digit of 117?
7
What is the thousands digit of 2751?
2
What is the hundreds digit of 38853?
8
What is the thousands digit of 26305?
6
What is the units digit of 3689?
9
What is the tens digit of 3517?
1
What is the hundreds digit of 36352?
3
What is the units digit of 1579?
9
What is the thousands digit of 4220?
4
What is the thousands digit of 23717?
3
What is the tens digit of 4432?
3
What is the units digit of 38963?
3
What is the units digit of 48742?
2
What is the thousands digit of 171775?
1
What is the units digit of 464?
4
What is the tens digit of 2422?
2
What is the tens digit of 5714?
1
What is the hundreds digit of 3370?
3
What is the ten thousands digit of 32716?
3
What is the tens digit of 261?
6
What is the tens digit of 99755?
5
What is the tens digit of 5827?
2
What is the thousands digit of 22516?
2
What is the hundreds digit of 9280?
2
What is the thousands digit of 1576?
1
What is the hundreds digit of 64624?
6
What is the units digit of 21975?
5
What is the tens digit of 860?
6
What is the thousands digit of 28209?
8
What is the units digit of 565?
5
What is the tens digit of 59079?
7
What is the ten thousands digit of 28483?
2
What is the units digit of 9282?
2
What is the thousands digit of 2833?
2
What is the hundreds digit of 6004?
0
What is the hundreds digit of 3557?
5
What is the tens digit of 11064?
6
What is the thousands digit of 1001?
1
What is the thousands digit of 16784?
6
What is the thousands digit of 6619?
6
What is the units digit of 7618?
8
What is the units digit of 79385?
5
What is the thousands digit of 9751?
9
What is the units digit of 9499?
9
What is the thousands digit of 13636?
3
What is the tens digit of 31293?
9
What is the tens digit of 34593?
9
What is the hundreds digit of 70568?
5
What is the thousands digit of 1343?
1
What is the tens digit of 146623?
2
What is the thousands digit of 42313?
2
What is the units digit of 39222?
2
What is the hundreds digit of 23197?
1
What is the units digit of 1707?
7
What is the tens digit of 5978?
7
What is the tens digit of 37223?
2
What is the tens digit of 6529?
2
What is the tens digit of 4659?
5
What is the tens digit of 17277?
7
What is the hundreds digit of 14304?
3
What is the ten thousands digit of 25831?
2
What is the units digit of 1693?
3
What is the thousands digit of 165213?
5
What is the tens digit of 488?
8
What is the hundreds digit of 1020?
0
What is the hundreds digit of 10941?
9
What is the tens digit of 1730?
3
What is the hundreds digit of 1966?
9
What is the tens digit of 2350?
5
What is the hundreds digit of 37327?
3
What is the hundreds digit of 808?
8
What is the hundreds digit of 4133?
1
What is the units digit of 4385?
5
What is the units digit of 720?
0
What is the units digit of 975?
5
What is the tens digit of 17840?
4
What is the ten thousands digit of 12264?
1
What is the units digit of 409?
9
What is the units digit of 1972?
2
What is the units digit of 1618?
8
What is the tens digit of 793?
9
What is the thousands digit of 111318?
1
What is the tens digit of 781?
8
What is the tens digit of 889?
8
What is the hundreds digit of 646?
6
What is the units digit of 14152?
2
What is the tens digit of 170?
7
What is the ten thousands digit of 21141?
2
What is the units digit of 4258?
8
What is the thousands digit of 9974?
9
What is the thousands digit of 7676?
7
What is the thousands digit of 88261?
8
What is the tens digit of 3462?
6
What is the units digit of 412?
2
What is the thousands digit of 2472?
2
What is the tens digit of 225?
2
What is the tens digit of 61523?
2
What is the tens digit of 10366?
6
What is the tens digit of 7763?
6
What is the units digit of 13640?
0
What is the hundreds digit of 629?
6
What is the thousands digit of 21231?
1
What is the thousands digit of 3807?
3
What is the units digit of 2416?
6
What is the ten thousands digit of 108317?
0
What is the units digit of 753?
3
What is the units digit of 428?
8
What is the units digit of 41467?
7
What is the tens digit of 1915?
1
What is the ten thousands digit of 65200?
6
What is the tens digit of 11361?
6
What is the tens digit of 5593?
9
What is the units digit of 4113?
3
What is the ten thousands digit of 11606?
1
What is the units digit of 587?
7
What is the tens digit of 1049?
4
What is the thousands digit of 63057?
3
What is the thousands digit of 1275?
1
What is the tens digit of 1793?
9
What is the tens digit of 7847?
4
What is the hundreds digit of 12002?
0
What is the units digit of 3957?
7
What is the hundreds digit of 821?
8
What is the hundreds digit of 62740?
7
What is the tens digit of 227?
2
What is the hundreds digit of 22721?
7
What is the units digit of 826?
6
What is the thousands digit of 43509?
3
What is the tens digit of 326?
2
What is the thousands digit of 4547?
4
What is the tens digit of 4919?
1
What is the tens digit of 358?
5
What is the tens digit of 1740?
4
What is the hundreds digit of 88313?
3
What is the units digit of 237?
7
What is the thousands digit of 3370?
3
What is the units digit of 281?
1
What is the tens digit of 1507?
0
What is the thousands digit of 1543?
1
What is the hu